 596. What is the hundreds digit of q?
3
Let u(c) = 2*c**2 + 6. Let i be u(0). Suppose 3*t - i*t + 1 = -5*d, 2*d = -3*t + 8. Suppose -2*h - 3*r = -166, t*h + 2*r - r = 174. What is the tens digit of h?
8
Let t(o) = 3*o**2 - 3*o - 147. Suppose 13 = -12*h + 169. What is the units digit of t(h)?
1
Let o = 9578 + -6676. What is the hundreds digit of o?
9
Let p(q) = 19*q + 245. Let a be p(22). Let j = a - -113. What is the tens digit of j?
7
Let i be (31/(-93))/(1/(-30)*-2). Let x be (-15)/i - 203*-2. Let p = -276 + x. What is the hundreds digit of p?
1
Let o(z) = -2*z**3 - 6*z**2 + 13. Let h be (3/4)/((-30)/(-160)). Let p be 3/(4/(h - 12)). What is the hundreds digit of o(p)?
2
Let a = 5 - 100. Let c = a - -95. Suppose c = -h + 26 + 33. What is the units digit of h?
9
Let l(y) = -6*y**3 + 8*y**2 - 6*y + 18. What is the tens digit of l(-9)?
9
Let t be ((-4)/(-4) - 2)*(0 + 0). Suppose -2*k + 5*v + 932 = t, 4 = 2*v - 4. What is the hundreds digit of k?
4
Suppose -f + 6*f = -55. Let j(g) = -14*g - 7*g - 23 - 1476*g**3 + 7*g + 1477*g**3 + 3*g**2 + 8*g**2. What is the tens digit of j(f)?
3
Suppose -q + 62204 - 524 = q. What is the ten thousands digit of q?
3
Let k = -1724 + 16177. What is the thousands digit of k?
4
Let z(v) = v**2 - 10*v - 11. Let y be z(11). Suppose y = -86*f + 92*f - 4284. What is the tens digit of f?
1
What is the tens digit of 55736/(-12)*(-51)/34?
6
Let g = -15 + -14. Let a = -16 - g. Suppose 18*v = a*v + 295. What is the tens digit of v?
5
Suppose -112*a + 2148 = -124*a. Let r = 1730 + a. What is the tens digit of r?
5
Let z(r) = 4*r + 3. Suppose -5*h = 3*i - 57, 0 = -4*i - 6*h + 7*h + 76. What is the tens digit of z(i)?
7
Let v(r) be the third derivative of -r**5/60 - 11*r**4/8 - 41*r**3/6 + r**2 - 6. What is the units digit of v(-24)?
5
Suppose -4*w - 2*u = 2*u - 148864, 186096 = 5*w + 3*u. What is the units digit of w?
4
Suppose -29*g + 5209 = -44207. What is the hundreds digit of g?
7
Let g = 0 - -9. Let p be 3*-15 - g/3. Let m = p + 91. What is the tens digit of m?
4
Let u(v) = v**3 + 10*v**2 + 12*v - 5. Let j be u(-8). Suppose 16*s = j*s - 8217. What is the tens digit of s?
4
Suppose 3*b + 6 = 0, -2*w + b + 75760 = -13150. What is the ten thousands digit of w?
4
Let r be 4/(-10)*-45 - -3. What is the units digit of (20566/(-65))/(1 + r/(-15))?
1
Let q be -3 + (-18)/9 - -125. Suppose 2*u = 348 + 44. Let z = u - q. What is the tens digit of z?
7
Suppose 4*y + y - 27081 = -22*y. What is the hundreds digit of y?
0
Suppose 4*m - z = 2*m - 229, 4*m = -z - 449. Suppose n = -5, -v - 5*n = -n - 166. Let i = v + m. What is the tens digit of i?
7
Let q be 174/5 + 5/((-75)/(-3)). Suppose k + 0*h = 2*h + 15, -5*h - q = -2*k. Suppose 0 = -3*c + 4*o + 167, k*c + 9*o = 8*o + 263. What is the units digit of c?
3
Let r(u) = -5 - 19 + 0 - 86*u + 0. Let f be r(-6). Suppose 6*h = 7*h - 3*z - 136, -z = 4*h - f. What is the units digit of h?
4
What is the hundreds digit of ((-1568)/(-8))/(10/625)?
2
Suppose 0 = -2*h - 3*z - 492, 1 + 3 = z. Let i = h - -632. Suppose -i = -6*u + 22. What is the units digit of u?
7
Suppose 24*r = 14*r + 820. Let a = 160 + r. What is the units digit of a?
2
Suppose -38*i - 3220 = -9946. What is the tens digit of i?
7
What is the tens digit of (19 - 7)/((-30)/(-3195))?
7
Suppose -661011 - 57553 = -22*f. What is the units digit of f?
2
Suppose 335381 = 8*h + 8061. Suppose -43*v + h = -8*v. What is the units digit of v?
9
What is the tens digit of 6/(-42) - 2327982/(-42)?
2
What is the hundreds digit of 3 + 41271 - (16/5 - (-131)/(-655))?
2
Suppose 2*r - 1344 = -5*r. Suppose 4*p + r = 7*p. Suppose -3*n + p + 119 = 0. What is the tens digit of n?
6
What is the tens digit of 838364/(-527)*(-51)/6?
2
Let l(b) = -2*b**2 - 13*b + 69. Let r be l(5). Let h(g) = 7*g**2 + 3*g - 3. Let m be h(-4). Let f = m + r. What is the units digit of f?
1
Suppose 16*k - 54 = 42. What is the units digit of (k/9)/((-6)/(-3411))?
9
Suppose 6*y - 11*y + 4785 = 0. What is the hundreds digit of y?
9
Let f be 2/((-2)/(-3))*(0 - -1). Suppose -f*y + 1281 = 96. What is the hundreds digit of y?
3
Let s = -33706 - -53418. What is the thousands digit of s?
9
Let v(i) = 2*i**3 - 2*i**2 - 4*i + 2. Let c be (-253)/(-44) - (-6)/(-8). Let l be v(c). Suppose 2 = -5*n + l. What is the units digit of n?
6
Let b = 473 - 473. Suppose 589 = -b*t + t - 4*j, 0 = -t + j + 601. What is the tens digit of t?
0
Suppose 7*r + 823 = s + 10*r, 3*s - 5*r = 2455. What is the tens digit of s?
2
Let h(j) = -11*j - 6. Let k be h(-16). Let c be ((-708)/(-5))/(51/k). Suppose 0 = -0*x - 4*x + c. What is the tens digit of x?
1
Suppose -5*q = 5*z - 2325, -4*z - 1881 = -4*q - z. Let v = q + -216. What is the units digit of v?
2
Suppose -5*v - 2*k - 7 + 35 = 0, 12 = -v + 4*k. Suppose 5*h = -4*x + 392, -v*h + 87 = -x + 2*x. Suppose -104*y = -x*y - 81. What is the units digit of y?
1
Let c = 1 - -1. Suppose 4*g + 5 = 5*f, 2*f + 25*g + 5 = 28*g. Suppose 12 = -4*u, -f*u = -c*a - 2*u + 165. What is the units digit of a?
8
What is the hundreds digit of 23/((-184)/24) + 3742?
7
Let v = 91 + -88. Suppose 5*u + 4*p = 1430, -v*u - 3*p + 579 = -u. What is the units digit of u?
2
Let o = -30 + 44. Let g = 15 - o. Suppose 5*t = -2*j + 50, 0 = j + 3*t - g - 23. What is the tens digit of j?
3
Let j(r) = r**2 + 1 - 115*r**3 + 23*r - 22*r + 462*r**3 + 0*r**2. Let o be j(-1). Let a = o - -525. What is the hundreds digit of a?
1
Let q = 19 + -23. Let j(y) = -3*y**3 - 3*y**2 - 3*y + 37. Let b(d) = -4*d**3 - 4*d**2 - 4*d + 37. Let k(h) = q*b(h) + 5*j(h). What is the tens digit of k(0)?
3
Let p(c) = 56*c**2 + 339*c - 28. What is the hundreds digit of p(20)?
1
Suppose -21*n - 78*n + 71696 = -169270. What is the thousands digit of n?
2
What is the units digit of (-2)/((-4)/97810*5)?
1
Suppose 0 = 239*s - 233*s - 30918. Suppose -2*v = -3*h + 2790, 2*v - 1435 = 4*h - s. What is the hundreds digit of h?
9
Suppose u - 553 = -557. What is the units digit of 108*5 + 3 - u?
7
Let a be 216*(-2 + (-16)/(-12)). Let m = 1 + -316. Let j = a - m. What is the units digit of j?
1
Suppose 6*z - 4430 = z. Suppose -l + 4*v - 670 = -4*l, 4*l = 2*v + z. Suppose 4*p + 4*k = 240, -3*p + 2*k + l - 37 = 0. What is the units digit of p?
1
Let h = -11 + 3. Let g be (324/243)/((-4)/3). Let x = g - h. What is the units digit of x?
7
Let k = -10884 + 17756. Suppose 100*c - k = 92*c. What is the tens digit of c?
5
Suppose 13 = -0*x + 3*x - 2*c, 2 = 2*c. Let u(f) = 4*f - 20. Let p be u(x). Suppose -3*i - 12 = p, -3*d + 2*i = -5*d + 232. What is the units digit of d?
0
Let k(a) = -9*a + 24. Let i(s) = s**3 - 5*s**2 - 6*s + 8. Let t be i(6). Suppose 3*q - t = 4*q. What is the units digit of k(q)?
6
Let q(c) be the third derivative of c**5/60 - 5*c**4/12 + 8*c**3/3 + 8*c**2. What is the units digit of q(9)?
7
Let w = -39 - -41. Suppose -w*k - 3*k = -2960. Suppose 14*c = 10*c + k. What is the units digit of c?
8
Let f = -205 - -202. What is the tens digit of (-2802)/(-4) + f + 4/8?
9
Suppose 52*d = 115*d - 52*d - 239635. What is the ten thousands digit of d?
2
Let n = 6228 - 4160. Suppose n + 620 = 4*d. What is the hundreds digit of d?
6
Let t = -2774 - -4146. Suppose 2*l = 2*h - 862, t = 2*h - 3*l + 506. What is the hundreds digit of h?
4
Suppose 7*s - 12*s = -65. Suppose 0 = 3*f + 3*y - 1458, y - 18 + s = 0. What is the tens digit of f?
8
Let m be (1*-6)/((-18)/333). Suppose 3*g - 333 = -3*c, -g = -c + 8 + m. Suppose 5*y = 5*o + 400 + c, 2*y = -5*o + 213. What is the tens digit of y?
0
Suppose 0 = -2*p - 13*d + 1111, 2*p = d + 4*d + 1129. What is the tens digit of p?
6
Let r = -219640 - -307681. What is the ten thousands digit of r?
8
Let v(w) = w**3 - 12*w**2 + 10*w + 13. Let q be v(11). Let h be (2 - 1)*(q - -2). Suppose 0 = 3*b + h*b - 161. What is the units digit of b?
3
What is the thousands digit of 16/(-24) - (5 - 1150)*(-21)/(-9)?
2
Suppose 0 = -42*x + 34*x + 13648. What is the units digit of x/10 + (-8)/(-20)?
1
Let l(y) = 106*y + 5874. What is the thousands digit of l(-23)?
3
Let z(g) = -3*g**2 + 4*g**2 - 71 + 3 + 4*g**2 + 15*g + 3*g. What is the units digit of z(-11)?
9
Suppose -5*s - 4*l + 1846 = 0, -11*s - 1094 = -14*s + l. Suppose 0 = 4*i + 3*c - 1469, 5*c = i + 6*c - s. What is the units digit of i?
1
Let q = 472 + -413. S